{"id":4029,"date":"2012-07-01T18:43:33","date_gmt":"2012-07-01T16:43:33","guid":{"rendered":"https:\/\/www.gambaru.de\/blog\/?page_id=4029"},"modified":"2012-07-01T18:43:33","modified_gmt":"2012-07-01T16:43:33","slug":"debian","status":"publish","type":"page","link":"https:\/\/gambaru.de\/blog\/debian\/","title":{"rendered":"Debian"},"content":{"rendered":"<div id=\"debian\">\n<h2><a name=\"top\"><\/a>Eine Anleitung f\u00fcr Debian GNU\/Linux<\/h2>\n<ul>\n<li><a href=\"#vorwort\">1. Vorwort<\/a><\/li>\n<li><a href=\"#debianzweig\">2. Welches Debian ist das Richtige<\/a><\/li>\n<li><a href=\"#netzinstallation\">3. Netzinstallation<\/a><\/li>\n<li><a href=\"#apt\">4. Einf\u00fchrung in das Paketmanagement<\/a><\/li>\n<li><a href=\"#konsole\">5. Erste Schritte auf der Konsole<\/a><\/li>\n<\/ul>\n<h2>Wie man ein leichtgewichtiges System erstellt<\/h2>\n<ul>\n<li><a href=\"#ablauf\">6. Der grundlegende Ablauf<\/a><\/li>\n<li><a href=\"#minimal\">7. Debian sauber und minimal halten<\/a><\/li>\n<li><a href=\"#aufraeumen\">8. Weitere Aufr\u00e4umtipps<\/a><\/li>\n<\/ul>\n<h2>Fenstermanager<\/h2>\n<ul>\n<li><a href=\"#fenstermanager\">9. Die Fenstermanager-L\u00f6sung<\/a><\/li>\n<li class=\"nodeco\">\n<ul>\n<li><a href=\"#awesome\">9.1 Awesome<\/a><\/li>\n<li><a href=\"#dwm\">9.2 DWM<\/a><\/li>\n<li>9.3 Enlightenment<\/li>\n<li><a href=\"#fluxbox\">9.4 Fluxbox<\/a><\/li>\n<li><a href=\"#icewm\">9.5 IceWM<\/a><\/li>\n<li><a href=\"#openbox\">9.6 Openbox<\/a><\/li>\n<li>9.7 PekWM<\/li>\n<\/ul>\n<\/li>\n<\/ul>\n<h2>Desktopumgebungen<\/h2>\n<ul>\n<li><a href=\"#komplett\">10. Vier Komplettl\u00f6sungen<\/a><\/li>\n<li class=\"nodeco\">\n<ul>\n<li><a href=\"#gnome3\">10.1 Gnome 3<\/a><\/li>\n<li><a href=\"#kde\">10.2 KDE<\/a><\/li>\n<li><a href=\"#xfce\">10.3 Xfce<\/a><\/li>\n<li>10.4 LXDE<\/li>\n<\/ul>\n<\/li>\n<\/ul>\n<h2>N\u00fctzliches<\/h2>\n<ul>\n<li><a href=\"#stichworte\">11. N\u00fctzliche Werkzeuge und Stichworte<\/a><\/li>\n<li class=\"nodeco\">\n<ul>\n<li><a href=\"#apt-cacher\">Apt-cacher-ng<\/a><\/li>\n<li><a href=\"#apt-listbugs\">Apt-listbugs<\/a><\/li>\n<li><a href=\"#apt-pinning\">Apt-Pinning<\/a><\/li>\n<li><a href=\"#backports\">Backports<\/a><\/li>\n<li><a href=\"#kompatibel\">Hardwarekompatibilit\u00e4t<\/a><\/li>\n<li><a href=\"#multimedia\">Multimedia-Software in Debian<\/a><\/li>\n<li><a href=\"#snapshot\">snapshots.debian.org - archivierte Pakete finden<\/a><\/li>\n<\/ul>\n<\/li>\n<\/ul>\n<h2>Extras<\/h2>\n<ul>\n<li><a href=\"https:\/\/www.gambaru.de\/blog\/2011\/05\/11\/die-vor-und-nachteile-eines-multi-boot-systems\/\">Die Vor- und Nachteile eines Multibootsystems<\/a><\/li>\n<li><a href=\"https:\/\/www.gambaru.de\/blog\/2011\/02\/17\/den-eigenen-debian-kernel-bauen\/\">Den Debian-Kernel selbst kompilieren<\/a><\/li>\n<li><a href=\"https:\/\/www.gambaru.de\/blog\/2011\/02\/13\/debian-in-ubuntu-installieren-mit-debootstrap\/\">Debian in Ubuntu installieren mit Debootstrap<\/a><\/li>\n<\/ul>\n<h2>\u00dcber den Tellerrand schauen<\/h2>\n<ul>\n<li><a href=\"https:\/\/www.gambaru.de\/blog\/2012\/01\/22\/ein-zwischenstand-meine-leichtgewichtigen-freien-betriebssysteme\/\">Leichtgewichtige freie Betriebssysteme Teil I<\/a><\/li>\n<li><a href=\"https:\/\/www.gambaru.de\/blog\/2011\/07\/03\/was-man-mit-alten-computern-machen-kann\/\">Was man mit alten Computern machen kann<\/a><\/li>\n<\/ul>\n<h2 class=\"vorwort\"><a name=\"vorwort\"><\/a>1. Vorwort<\/h2>\n<p>Willkommen. Im Laufe der Zeit haben sich in meinem Blog immer mehr Artikel zu Debian und leichtgewichtigen Programmen und Einstellungen angesammelt, dass ich dachte, es sei an der Zeit ein Inhaltsverzeichnis zu erstellen und die wesentlichen Inhalte zusammenzufassen. Warum aber noch eine Anleitung zu Debian?<br \/>\nEs ist wahr, dass es schon viel Dokumentation zu Debian GNU\/Linux gibt. Darunter nat\u00fcrlich die <a href=\"http:\/\/www.debian.org\/releases\/stable\/installmanual\">offizielle Installationsanleitung<\/a> und das etwas \u00e4ltere <a href=\"http:\/\/debiananwenderhandbuch.de\/\">Debian-Anwenderhandbuch<\/a>. Und dann gibt es auch noch exzellente freie Literatur f\u00fcr alle, die den Schritt zum <a href=\"http:\/\/debian-handbook.info\/browse\/stable\/\">Systemadministrator mit Debian<\/a> wagen wollen.<br \/>\nIch m\u00f6chte keine dieser Quellen ignorieren oder sogar Foren und Wikis zum Thema ersetzen. Meiner Meinung nach funktioniert aber Linux und die Debian-Distribution im Besonderen nach einem Baukastenprinzip. Das System ist modular aufgebaut. Es gibt grundlegende Schritte bei der Installation, danach entscheidet der Anwender, wohin die Reise gehen soll. Das Sch\u00f6ne dabei ist, egal ob es sp\u00e4ter ein Server, ein minimales Desktopsystem oder eine komplette Desktopumgebung werden soll, das Prinzip und die Vorgehensweise bleiben die selbe. Das gilt nicht nur f\u00fcr den bekannten Desktoprechner, sondern auch f\u00fcr Smartphones, Tablets und sogar ganze Server-Cluster. Alle Plattformen teilen sich die gleichen Werkzeuge und genau das macht Debian zum universellen Betriebssystem. Am Ende entsteht sogar die Einsicht, dass man mit den gleichen Mitteln Debian-Derivate nachempfinden kann, indem man deren Konfiguration als Ausgangspunkt f\u00fcr sein Debiansystem verwendet.<br \/>\nDer erste Abschnitt beschreibt die Netzinstallation mit Debian und die Benutzung des Paketmanagers zur Verwaltung der Software. Dar\u00fcber hinaus soll er dabei helfen die richtige Entscheidung bei der Wahl der Debianversion zu treffen. Am Ende entsteht so eine Basisinstallation von Debian, mit der sich mit ein paar Kommandos von der Konsole das eigene System erweitern l\u00e4sst.<br \/>\nAnschlie\u00dfend wird die Installation und Konfiguration eines leichtgewichtigen Systems beschrieben, wobei der Schwerpunkt auf den einzelnen Fenstermanagern liegt. Das Ziel ist es, dass man mit einem Beispiel diesen Fenstermanager selbst schnell ausprobieren kann. Interessiert ihr euch mehr f\u00fcr eine komplette Desktopumgebung k\u00f6nnte euch der darauf folgende Abschnitt weiterhelfen. Auch hier wird ausgehend von der Netzinstallation mit wenigen Schritten auf der Konsole eine vollst\u00e4ndige Desktop-L\u00f6sung installiert.<br \/>\nDie Anleitung selbst befindet sich in der Entstehung. Ich werde deshalb in der Zwischenzeit noch einiges ver\u00e4ndern. Als Zielgruppe kommen meiner Meinung nach alle in Frage, die <a href=\"https:\/\/www.gambaru.de\/blog\/2011\/07\/01\/sei-offen-fur-neues-denn-linux-lasst-sich-nicht-erzwingen\/\">offen f\u00fcr Neues<\/a> sind, Zeit und Interesse mitbringen und selbst\u00e4ndig nach L\u00f6sungen und Informationen im Internet suchen werden.<br \/>\n<a href=\"#top\" class=\"right\">Nach oben<\/a><\/p>\n<h2><a name=\"debianzweig\"><\/a>2. Welches Debian ist das Richtige<\/h2>\n<p>F\u00fcr Neueinsteiger in Debian oft verwirrend sind Begriffe wie Oldstable, Stable, Testing, Unstable und Experimental. Was es damit auf sich hat, erfahrt ihr im Artikel<\/p>\n<ul>\n<li><a href=\"https:\/\/www.gambaru.de\/blog\/2011\/12\/19\/zuruck-zu-den-wurzeln-welches-debian-ist-das-richtige\/\">Zur\u00fcck zu den Wurzeln: Welches Debian ist das Richtige<\/a><\/li>\n<\/ul>\n<p>Das hilft nach der Netzinstallation bei der Antwort auf die Frage: \"Bevorzuge ich ein stabiles System, welchem es unter Umst\u00e4nden an Merkmalen fehlt oder m\u00f6chte ich ein fortlaufend aktuelles Betriebssystem haben, das zeitweise instabil sein kann?\"<br \/>\nDen absoluten Charakter dieser Frage kann man mit verschiedenen Werkzeugen sp\u00e4ter relativieren, z.B. mit <a href=\"#backports\">Backports<\/a> oder <a href=\"#apt-pinning\">Apt-Pinning<\/a>.<br \/>\n<a href=\"#top\" class=\"right\">Nach oben<\/a><\/p>\n<h2><a name=\"netzinstallation\"><\/a>3. Netzinstallation<\/h2>\n<p>Die Netzinstallation ist der beste Weg, wenn man sich ein angepasstes Debiansystem von Grund auf erstellen m\u00f6chte und \u00fcber einen funktionierenden Internetanschluss verf\u00fcgt. Die verschiedenen Installationsmedien lassen sich <a href=\"http:\/\/www.debian.org\/distrib\/netinst\">auf debian.org herunterladen<\/a>.<br \/>\nIm Beitrag<\/p>\n<ul>\n<li><a href=\"https:\/\/www.gambaru.de\/blog\/2012\/06\/28\/netzinstallation-mit-debian-und-bildern-schritt-fur-schritt\/\">Netzinstallation mit Debian und Bildern Schritt f\u00fcr Schritt<\/a><\/li>\n<\/ul>\n<p>habe ich die Installation kurz erkl\u00e4rt. Nach dem Neustart des Rechners befindet ihr euch auf der Konsole und k\u00f6nnt euer Wunschsystem konfigurieren. Ein Beispiel f\u00fcr eine manuelle Partitionierung mit verschl\u00fcsselter Root-Partition findet ihr <a href=\"https:\/\/www.gambaru.de\/blog\/2011\/04\/05\/das-multi-boot-projekt-manuelle-partitionierung-mit-debian\/\">hier<\/a>.<br \/>\n<a href=\"#top\" class=\"right\">Nach oben<\/a><\/p>\n<h2><a name=\"apt\"><\/a>4. Einf\u00fchrung in das Paketmanagement<\/h2>\n<p>Im Artikel<\/p>\n<ul>\n<li><a href=\"https:\/\/www.gambaru.de\/blog\/2012\/07\/02\/einfuhrung-in-aptitude-apt-get-apt-cache-und-dpkg\/\">Einf\u00fchrung in aptitude, apt-get, apt-cache und dpkg<\/a><\/li>\n<\/ul>\n<p>erl\u00e4utere ich die Bedienung der Paketmanager aptitude und apt-get und wie man mit ihnen neue Software findet, installiert und auch wieder entfernt.<br \/>\n<a href=\"#top\" class=\"right\">Nach oben<\/a><\/p>\n<h2><a name=\"konsole\"><\/a>5. Erste Schritte auf der Konsole<\/h2>\n<p>Nach der Netzinstallation und dem Neustart befindet man sich auf der Konsole und kann Debian anpassen. Im Beitrag<\/p>\n<ul>\n<li><a href=\"https:\/\/www.gambaru.de\/blog\/2012\/07\/03\/debian-erste-schritte-auf-der-konsole\/\">Debian: Erste Schritte auf der Konsole<\/a><\/li>\n<\/ul>\n<p>gehe ich auf meinen \u00fcblichen Weg ein, wie man die richtige Debianversion ausw\u00e4hlt, die Shell erweitert oder ersetzt und ein paar n\u00fctzliche Programme f\u00fcr die Konsole installiert. Danach sind alle Voraussetzungen erf\u00fcllt, um von diesem Punkt an das System nach den eigenen Vorstellungen in einen Server, ein Minimalsystem oder grafische Desktopumgebung zu erweitern. Das ist nun der richtige Zeitpunkt um ein Backup zu machen und an diese Stelle zur\u00fcckzukehren, wenn man etwas Neues ausprobieren m\u00f6chte.<br \/>\n<a href=\"#top\" class=\"right\">Nach oben<\/a><\/p>\n<h2><a name=\"ablauf\"><\/a>6. Der grundlegende Ablauf<\/h2>\n<p>Hat man das Basissystem installiert beschr\u00e4nkt sich die Installation eines leichtgewichtigen Systems auf die Frage, welchen Fenstermanager m\u00f6chte ich benutzen und ben\u00f6tige ich einen Loginmanager oder nicht. Der Rest ist das Installieren seiner bevorzugten Anwendungsprogramme und von ALSA, wenn man auf Klangwiedergabe nicht verzichten will. Die Installation einer vollst\u00e4ndigen Desktopumgebung wie Gnome 3 oder KDE vollzieht sich noch einfacher, indem Metapakete installiert werden, die automatisch alle Abh\u00e4ngigkeiten beinhalten und die Software installieren, die zum erfolgreichen Betrieb notwendig ist. Dieses Prinzip erl\u00e4utert der Beitrag:<\/p>\n<ul>\n<li><a href=\"https:\/\/www.gambaru.de\/blog\/2012\/07\/04\/grundlagen-der-weg-zum-leichtgewichtigen-system-mit-debian\/\">Der Weg zum leichtgewichtigen System mit Debian<\/a><\/li>\n<\/ul>\n<p><a href=\"#top\" class=\"right\">Nach oben<\/a><\/p>\n<h2><a name=\"minimal\"><\/a>7. Debian sauber und minimal halten<\/h2>\n<p>Um es dem Benutzer einfacher zu machen, installiert Debian automatisch \"empfohlene\" Pakete mit, obwohl diese nicht zwingend f\u00fcr das Funktionieren eines Programms ben\u00f6tigt werden. Sie k\u00f6nnen aber einzelne Aspekte im Umgang mit der Software vereinfachen und ein wertvolles Hilfsmittel sein. Wer sein Debian so schlank wie m\u00f6glich halten m\u00f6chte und sich schon besser mit der Software auskennt, kann das System etwas trimmen, was der Artikel<\/p>\n<ul>\n<li><a href=\"https:\/\/www.gambaru.de\/blog\/2011\/08\/28\/debian-derivate-sauber-und-minimal-halten\/\">Debian sauber und minimal halten<\/a><\/li>\n<\/ul>\n<p>zeigt.<br \/>\n<a href=\"#top\" class=\"right\">Nach oben<\/a><\/p>\n<h2><a name=\"aufraeumen\"><\/a>8. Weitere Aufr\u00e4umtipps<\/h2>\n<p>Im Laufe der Zeit w\u00e4chst und schrumpft das System. Es werden neue Pakete installiert und wieder deinstalliert, wodurch \u00fcberfl\u00fcssige Dateien zur\u00fcckbleiben k\u00f6nnen. Die folgenden Beitr\u00e4ge geben ein paar Tipps, wie man Debian aufr\u00e4umt.<\/p>\n<ul>\n<li><a href=\"https:\/\/www.gambaru.de\/blog\/2012\/05\/07\/drei-aufraumtipps-mit-aptitude-fur-debian-und-ubuntu\/\">Drei Aufr\u00e4umtipps mit Aptitude Debian und Ubuntu<\/a><\/li>\n<li><a href=\"https:\/\/www.gambaru.de\/blog\/2012\/05\/29\/aufraumtipps-teil-ii-automatisch-installierte-pakete-mit-debian-und-ubuntu-entfernen\/\">Aufr\u00e4umtipps Teil II: Automatisch installierte Pakete mit Debian und Ubuntu entfernen<\/a><\/li>\n<li><a href=\"https:\/\/www.gambaru.de\/blog\/2012\/05\/30\/aufraumtipps-teil-iii-debsums-geanderte-oder-kaputte-dateien-mit-debian-und-ubuntu-finden\/\">Aufr\u00e4umtipps Teil III: Debsums \u2013 Ge\u00e4nderte oder kaputte Dateien mit Debian und Ubuntu finden<\/a><\/li>\n<\/ul>\n<p><a href=\"#top\" class=\"right\">Nach oben<\/a><\/p>\n<h2><a name=\"fenstermanager\"><\/a>9. Die Fenstermanager-L\u00f6sung<\/h2>\n<p>Wer jemals daran gedacht hat, ein leichtgewichtiges grafisches System aufzusetzen, kommt an einer Fenstermanager-L\u00f6sung kaum vorbei. Im Gegensatz zu einer vollst\u00e4ndigen Desktopumgebung, hat man mit einem alleinstehenden Fenstermanager die M\u00f6glichkeit alle Details eines grafischen Desktops anzupassen. Darunter fallen unter anderem das Panel, Anwendungsmen\u00fcs, Schnellstartleisten, Benachrichtigungsfunktionen, Arbeitsfl\u00e4chenumschalter und so weiter und so fort. Die meisten Fenstermanager sind so schlank, dass selbst 15 Jahre alte Hardware mit einer modernen grafischen Oberfl\u00e4che funktioniert. Die Wahl der passenden L\u00f6sung h\u00e4ngt entscheidend davon ab, ob man kachelnde oder schwebende Fenstermanager bevorzugt, Wert auf Fensterdekoration legt und ob man dazu neigt alles mit der Tastatur oder im Wechselspiel mit der Maus zu steuern.<br \/>\n<a href=\"#top\" class=\"right\">Nach oben<\/a><\/p>\n<h2><a name=\"awesome\"><\/a>9.1 Awesome<\/h2>\n<ul>\n<li><a href=\"https:\/\/www.gambaru.de\/blog\/2010\/11\/06\/awesome-ein-tiling-fenstermanager\/\">Awesome: Ein kachelnder Fenstermanager<\/a><\/li>\n<\/ul>\n<p><a href=\"#top\" class=\"right\">Nach oben<\/a><\/p>\n<h2><a name=\"dwm\"><\/a>9.2 DWM<\/h2>\n<ul>\n<li><a href=\"https:\/\/www.gambaru.de\/blog\/2011\/12\/10\/elitare-fenstermanager-sind-vielleicht-doch-einfacher-zu-bedienen-als-gedacht\/\">Elit\u00e4re Fenstermanager sind vielleicht doch einfacher zu bedienen als gedacht<\/a><\/li>\n<li><a href=\"https:\/\/www.gambaru.de\/blog\/2011\/12\/12\/einen-masgeschneiderten-dwm-fenstermanager-von-sid-nach-squeeze-backporten\/\">Einen ma\u00dfgeschneiderten DWM-Fenstermanager von Sid nach Squeeze backporten<\/a><\/li>\n<\/ul>\n<p><a href=\"#top\" class=\"right\">Nach oben<\/a><\/p>\n<h2><a name=\"fluxbox\"><\/a>9.4 Fluxbox<\/h2>\n<ul>\n<li><a href=\"https:\/\/www.gambaru.de\/blog\/2010\/06\/15\/erste-schritte-mit-fluxbox\/\">Erste Schritte mit Fluxbox<\/a><\/li>\n<li><a href=\"https:\/\/www.gambaru.de\/blog\/2010\/06\/09\/toshiba-portege-3110ct-mit-debian-und-fluxbox\/\">Toshiba Port\u00e9g\u00e9 3110CT mit Debian und Fluxbox<\/a><\/li>\n<\/ul>\n<p><a href=\"#top\" class=\"right\">Nach oben<\/a><\/p>\n<h2><a name=\"icewm\"><\/a>9.5 IceWM<\/h2>\n<ul>\n<li><a href=\"https:\/\/www.gambaru.de\/blog\/2011\/09\/02\/icewm-icewm-baby\/\">IceWM, IceWM, Baby<\/a><\/li>\n<\/ul>\n<p><a href=\"#top\" class=\"right\">Nach oben<\/a><\/p>\n<h2><a name=\"openbox\"><\/a>9.6 Openbox<\/h2>\n<ul>\n<li><a href=\" https:\/\/www.gambaru.de\/blog\/2011\/04\/22\/erste-schritte-mit-openbox\/\">Erste Schritte mit Openbox<\/a><\/li>\n<li><a href=\" https:\/\/www.gambaru.de\/blog\/2011\/04\/25\/openbox-fur-fortgeschrittene\/\">Openbox f\u00fcr Fortgeschrittene<\/a><\/li>\n<li><a href=\"https:\/\/www.gambaru.de\/blog\/2011\/05\/28\/ein-minimales-debian-fur-spiele\/\">Ein minimales Debian f\u00fcr Spiele<\/a><\/li>\n<li><a href=\"https:\/\/www.gambaru.de\/blog\/2012\/02\/05\/lubuntu-der-weg-von-lxde-zu-einem-reinen-openbox-desktop-mit-tint2-und-conky\/\">Lubuntu: Der Weg von LXDE zu einem reinen Openbox-Desktop mit Tint2 und Conky<\/a><\/li>\n<\/ul>\n<p><a href=\"#top\" class=\"right\">Nach oben<\/a><\/p>\n<h2><a name=\"komplett\"><\/a>10. Vier Komplettl\u00f6sungen <\/h2>\n<p>Die folgenden Desktopumgebungen sind bis auf LXDE nicht zwangsl\u00e4ufig leichtgewichtig, obwohl man sie stark optimieren kann. Der Abschnitt soll jedoch zeigen, dass man nach einer Netzinstallation sehr einfach auch eine vollst\u00e4ndige Desktopl\u00f6sung installieren kann, die alle Anspr\u00fcche eines modernen Arbeitsplatzes erf\u00fcllt.<br \/>\n<a href=\"#top\" class=\"right\">Nach oben<\/a><\/p>\n<h2><a name=\"gnome3\"><\/a>10.1 Gnome 3 <\/h2>\n<ul>\n<li><a href=\"https:\/\/www.gambaru.de\/blog\/2012\/07\/05\/debian-wheezy-gnome-3-und-die-netzinstallation\/\">Debian Wheezy, Gnome 3 und die Netzinstallation<\/a><\/li>\n<li><a href=\"https:\/\/www.gambaru.de\/blog\/2011\/11\/10\/debian-testing-leb-wohl-gnome-2-willkommen-gnome-3\/\">Leb wohl Gnome 2, Willkommen Gnome 3<\/a><\/li>\n<li><a href=\"https:\/\/www.gambaru.de\/blog\/tag\/gnome3\/\">Artikel \u00fcber Gnome 3<\/a><\/li>\n<\/ul>\n<p><a href=\"#top\" class=\"right\">Nach oben<\/a><\/p>\n<h2><a name=\"kde\"><\/a>10.2 KDE <\/h2>\n<ul>\n<li><a href=\"https:\/\/www.gambaru.de\/blog\/2012\/07\/18\/debian-wheezy-kde-4-8-und-die-netzinstallation\/\">Debian Wheezy, KDE 4.8 und die Netzinstallation<\/a><\/li>\n<\/ul>\n<p><a href=\"#top\" class=\"right\">Nach oben<\/a><\/p>\n<h2><a name=\"xfce\"><\/a>10.3 Xfce <\/h2>\n<ul>\n<li><a href=\"https:\/\/www.gambaru.de\/blog\/2012\/07\/08\/debian-wheezy-xfce-4-8-und-die-netzinstallation\/\">Debian Wheezy, Xfce 4.8 und die Netzinstallation<\/a><\/li>\n<\/ul>\n<p><a href=\"#top\" class=\"right\">Nach oben<\/a><\/p>\n<h2><a name=\"lxde\"><\/a>10.4 LXDE <\/h2>\n<p><a href=\"#top\" class=\"right\">Nach oben<\/a><\/p>\n<h2><a name=\"stichworte\"><\/a>11. N\u00fctzliche Werkzeuge und Stichworte<\/h2>\n<h3><a name=\"apt-cacher\"><\/a>Apt-cacher-ng<\/h3>\n<ul>\n<li><a href=\"https:\/\/www.gambaru.de\/blog\/2011\/10\/26\/apt-cacher-ng-ein-proxy-server-fur-debian-und-ubuntu\/\">Apt-cacher-ng: Ein Proxy-Server f\u00fcr Debian und Ubuntu<\/a><\/li>\n<\/ul>\n<p><a href=\"#top\" class=\"right\">Nach oben<\/a><\/p>\n<h3><a name=\"apt-listbugs\"><\/a>Apt-listbugs<\/h3>\n<ul>\n<li><a href=\"https:\/\/www.gambaru.de\/blog\/2011\/11\/14\/apt-listbugs-mehr-schutz-vor-schweren-bugs\/\">Apt-listbugs: Schutz vor schweren Bugs<\/a><\/li>\n<\/ul>\n<p><a href=\"#top\" class=\"right\">Nach oben<\/a><\/p>\n<h3><a name=\"apt-pinning\"><\/a>Apt-Pinning<\/h3>\n<ul>\n<li><a href=\"https:\/\/www.gambaru.de\/blog\/2011\/11\/23\/apt-pinning-fur-die-mutigen\/\">Apt-Pinning f\u00fcr die Mutigen<\/a><\/li>\n<\/ul>\n<p><a href=\"#top\" class=\"right\">Nach oben<\/a><\/p>\n<h3><a name=\"backports\"><\/a>Backports<\/h3>\n<ul>\n<li><a href=\"https:\/\/www.gambaru.de\/blog\/2011\/08\/28\/debian-stable-mit-backports-fit-machen\/\">Debian mit Backports fit machen<\/a><\/li>\n<\/ul>\n<p><a href=\"#top\" class=\"right\">Nach oben<\/a><\/p>\n<h3><a name=\"kompatibel\"><\/a>Hardwarekompatibilit\u00e4t<\/h3>\n<p>Ein paar n\u00fctzliche Links, wie man herausfinden kann, ob Hardware durch Debian unterst\u00fctzt wird, sprich es existieren freie Treiber.<\/p>\n<ul>\n<li><a href=\"https:\/\/www.gambaru.de\/blog\/2012\/04\/27\/debian-gnulinux-geratetreiberuberprufungsseite\/\">Ger\u00e4tetreiber\u00fcberpr\u00fcfungsseite<\/a><\/li>\n<li><a href=\"http:\/\/www.h-node.org\/\">www.h-node.org<\/a><\/li>\n<li><a href=\"http:\/\/libreplanet.org\/wiki\/GNUCHILE\/Hardware#Wireless_LAN_adapters\">Freie WLAN-Adapter<\/a><\/li>\n<li><a href=\"http:\/\/www.fsf.org\/resources\/hw\/index_html\/net\/wireless\/index_html\/cards.html\">Freie Netzwerkkarten<\/a><\/li>\n<li><a href=\"http:\/\/ralink.rapla.net\/\">Ralink RT2500 Chipsatz<\/a><\/li>\n<\/ul>\n<p><a href=\"#top\" class=\"right\">Nach oben<\/a><\/p>\n<h3><a name=\"multimedia\"><\/a>Multimedia-Software in Debian<\/h3>\n<p>Die Multimedia-Situation in Debian ist besser als viele sie immer darstellen. Ein Hintergrundartikel zum Thema und wie man zur Not an die Codecs und Software kommt, die man tats\u00e4chlich ben\u00f6tigt.<\/p>\n<ul>\n<li><a href=\"https:\/\/www.gambaru.de\/blog\/2012\/07\/20\/debians-offizielle-multimedia-pakete-kontra-deb-multimedia-org\/\">Debians offizielle Multimedia-Pakete kontra deb-multimedia.org<\/a><\/li>\n<\/ul>\n<p><a href=\"#top\" class=\"right\">Nach oben<\/a><\/p>\n<h3><a name=\"snapshot\"><\/a>snapshot.debian.org - archivierte Pakete finden<\/h3>\n<ul>\n<li><a href=\"https:\/\/www.gambaru.de\/blog\/2012\/07\/31\/snapshots-debian-org-eine-zeitreise-in-die-vergangenheit-des-debian-archivs\/\">snapshot.debian.org - Eine Zeitreise in die Vergangenheit des Debian-Archivs<\/a><\/li>\n<\/ul>\n<\/div>\n","protected":false},"excerpt":{"rendered":"<p>Eine Anleitung f\u00fcr Debian GNU\/Linux 1. Vorwort 2. Welches Debian ist das Richtige 3. Netzinstallation 4. Einf\u00fchrung in das Paketmanagement 5. Erste Schritte auf der Konsole Wie man ein leichtgewichtiges System erstellt 6. Der grundlegende Ablauf 7. Debian sauber und minimal halten 8. Weitere Aufr\u00e4umtipps Fenstermanager 9. Die Fenstermanager-L\u00f6sung 9.1 Awesome 9.2 DWM 9.3 Enlightenment &hellip; <\/p>\n<p class=\"link-more\"><a href=\"https:\/\/gambaru.de\/blog\/debian\/\" class=\"more-link\"><span class=\"screen-reader-text\">\u201eDebian\u201c<\/span> weiterlesen<\/a><\/p>\n","protected":false},"author":1,"featured_media":0,"parent":0,"menu_order":0,"comment_status":"open","ping_status":"open","template":"","meta":[],"_links":{"self":[{"href":"https:\/\/gambaru.de\/blog\/wp-json\/wp\/v2\/pages\/4029"}],"collection":[{"href":"https:\/\/gambaru.de\/blog\/wp-json\/wp\/v2\/pages"}],"about":[{"href":"https:\/\/gambaru.de\/blog\/wp-json\/wp\/v2\/types\/page"}],"author":[{"embeddable":true,"href":"https:\/\/gambaru.de\/blog\/wp-json\/wp\/v2\/users\/1"}],"replies":[{"embeddable":true,"href":"https:\/\/gambaru.de\/blog\/wp-json\/wp\/v2\/comments?post=4029"}],"version-history":[{"count":0,"href":"https:\/\/gambaru.de\/blog\/wp-json\/wp\/v2\/pages\/4029\/revisions"}],"wp:attachment":[{"href":"https:\/\/gambaru.de\/blog\/wp-json\/wp\/v2\/media?parent=4029"}],"curies":[{"name":"wp","href":"https:\/\/api.w.org\/{rel}","templated":true}]}}